[INFO] cloning repository https://github.com/EmeraldHD/bundle
[INFO] running `Command { std: "git" "-c" "credential.helper=" "-c" "credential.helper=/workspace/cargo-home/bin/git-credential-null" "clone" "--bare" "https://github.com/EmeraldHD/bundle" "/workspace/cache/git-repos/https%3A%2F%2Fgithub.com%2FEmeraldHD%2Fbundle", kill_on_drop: false }`
[INFO] [stderr] Cloning into bare repository '/workspace/cache/git-repos/https%3A%2F%2Fgithub.com%2FEmeraldHD%2Fbundle'...
[INFO] running `Command { std: "git" "rev-parse" "HEAD", kill_on_drop: false }`
[INFO] [stdout] 551d51f4841215d1034589d318a6835e33fd4518
[INFO] checking EmeraldHD/bundle against master#9610dfe5a9a731ced1ea4923ecbd0c57fe367898 for beta-170-4
[INFO] running `Command { std: "git" "clone" "/workspace/cache/git-repos/https%3A%2F%2Fgithub.com%2FEmeraldHD%2Fbundle" "/workspace/builds/worker-4-tc1/source", kill_on_drop: false }`
[INFO] [stderr] Cloning into '/workspace/builds/worker-4-tc1/source'...
[INFO] [stderr] done.
[INFO] validating manifest of git repo https://github.com/EmeraldHD/bundle on toolchain 9610dfe5a9a731ced1ea4923ecbd0c57fe367898
[INFO] running `Command { std: CARGO_HOME="/workspace/cargo-home" RUSTUP_HOME="/workspace/rustup-home" "/workspace/cargo-home/bin/cargo" "+9610dfe5a9a731ced1ea4923ecbd0c57fe367898" "metadata" "--manifest-path" "Cargo.toml" "--no-deps", kill_on_drop: false }`
[INFO] started tweaking git repo https://github.com/EmeraldHD/bundle
[INFO] finished tweaking git repo https://github.com/EmeraldHD/bundle
[INFO] tweaked toml for git repo https://github.com/EmeraldHD/bundle written to /workspace/builds/worker-4-tc1/source/Cargo.toml
[INFO] crate git repo https://github.com/EmeraldHD/bundle already has a lockfile, it will not be regenerated
[INFO] running `Command { std: CARGO_HOME="/workspace/cargo-home" RUSTUP_HOME="/workspace/rustup-home" "/workspace/cargo-home/bin/cargo" "+9610dfe5a9a731ced1ea4923ecbd0c57fe367898" "fetch" "--manifest-path" "Cargo.toml", kill_on_drop: false }`
[INFO] [stderr]     Updating crates.io index
[INFO] [stderr]  Downloading crates ...
[INFO] [stderr]   Downloaded indoc v1.0.7
[INFO] [stderr]   Downloaded bounded-integer v0.5.3
[INFO] [stderr]   Downloaded tranquil v0.2.0
[INFO] [stderr]   Downloaded tranquil-macros v0.2.0
[INFO] running `Command { std: "docker" "create" "-v" "/var/lib/crater-agent-workspace/builds/worker-4-tc1/target:/opt/rustwide/target:rw,Z" "-v" "/var/lib/crater-agent-workspace/builds/worker-4-tc1/source:/opt/rustwide/workdir:ro,Z" "-v" "/var/lib/crater-agent-workspace/cargo-home:/opt/rustwide/cargo-home:ro,Z" "-v" "/var/lib/crater-agent-workspace/rustup-home:/opt/rustwide/rustup-home:ro,Z" "-e" "SOURCE_DIR=/opt/rustwide/workdir" "-e" "CARGO_TARGET_DIR=/opt/rustwide/target" "-e" "CARGO_HOME=/opt/rustwide/cargo-home" "-e" "RUSTUP_HOME=/opt/rustwide/rustup-home" "-w" "/opt/rustwide/workdir" "-m" "1610612736" "--user" "0:0" "--network" "none" "ghcr.io/rust-lang/crates-build-env/linux@sha256:19e73879b68f455e41552ea35293514db52ea292d993f571636dbffedb77a1ee" "/opt/rustwide/cargo-home/bin/cargo" "+9610dfe5a9a731ced1ea4923ecbd0c57fe367898" "metadata" "--no-deps" "--format-version=1", kill_on_drop: false }`
[INFO] [stdout] 21116b4908f9d08550adf2dd218ff59c5391877edae284e21023f646f925f8fc
[INFO] running `Command { std: "docker" "start" "-a" "21116b4908f9d08550adf2dd218ff59c5391877edae284e21023f646f925f8fc", kill_on_drop: false }`
[INFO] running `Command { std: "docker" "inspect" "21116b4908f9d08550adf2dd218ff59c5391877edae284e21023f646f925f8fc", kill_on_drop: false }`
[INFO] running `Command { std: "docker" "rm" "-f" "21116b4908f9d08550adf2dd218ff59c5391877edae284e21023f646f925f8fc", kill_on_drop: false }`
[INFO] [stdout] 21116b4908f9d08550adf2dd218ff59c5391877edae284e21023f646f925f8fc
[INFO] running `Command { std: "docker" "create" "-v" "/var/lib/crater-agent-workspace/builds/worker-4-tc1/target:/opt/rustwide/target:rw,Z" "-v" "/var/lib/crater-agent-workspace/builds/worker-4-tc1/source:/opt/rustwide/workdir:ro,Z" "-v" "/var/lib/crater-agent-workspace/cargo-home:/opt/rustwide/cargo-home:ro,Z" "-v" "/var/lib/crater-agent-workspace/rustup-home:/opt/rustwide/rustup-home:ro,Z" "-e" "SOURCE_DIR=/opt/rustwide/workdir" "-e" "CARGO_TARGET_DIR=/opt/rustwide/target" "-e" "CARGO_INCREMENTAL=0" "-e" "RUST_BACKTRACE=full" "-e" "RUSTFLAGS=--cap-lints=forbid" "-e" "RUSTDOCFLAGS=--cap-lints=forbid" "-e" "CARGO_HOME=/opt/rustwide/cargo-home" "-e" "RUSTUP_HOME=/opt/rustwide/rustup-home" "-w" "/opt/rustwide/workdir" "-m" "1610612736" "--user" "0:0" "--network" "none" "ghcr.io/rust-lang/crates-build-env/linux@sha256:19e73879b68f455e41552ea35293514db52ea292d993f571636dbffedb77a1ee" "/opt/rustwide/cargo-home/bin/cargo" "+9610dfe5a9a731ced1ea4923ecbd0c57fe367898" "check" "--frozen" "--all" "--all-targets" "--message-format=json", kill_on_drop: false }`
[INFO] [stdout] edbdf468569cb5b2a6146f467d91246f94f6259db3f95f7f39433ffc1b879cdc
[INFO] running `Command { std: "docker" "start" "-a" "edbdf468569cb5b2a6146f467d91246f94f6259db3f95f7f39433ffc1b879cdc", kill_on_drop: false }`
[INFO] [stderr]    Compiling proc-macro2 v1.0.46
[INFO] [stderr]    Compiling quote v1.0.21
[INFO] [stderr]    Compiling unicode-ident v1.0.4
[INFO] [stderr]    Compiling syn v1.0.101
[INFO] [stderr]    Compiling autocfg v1.1.0
[INFO] [stderr]    Compiling libc v0.2.134
[INFO] [stderr]     Checking cfg-if v1.0.0
[INFO] [stderr]    Compiling version_check v0.9.4
[INFO] [stderr]     Checking once_cell v1.15.0
[INFO] [stderr]    Compiling log v0.4.17
[INFO] [stderr]    Compiling serde_derive v1.0.145
[INFO] [stderr]    Compiling serde v1.0.145
[INFO] [stderr]    Compiling cc v1.0.73
[INFO] [stderr]     Checking itoa v1.0.3
[INFO] [stderr]     Checking pin-project-lite v0.2.9
[INFO] [stderr]    Compiling memchr v2.5.0
[INFO] [stderr]     Checking bytes v1.2.1
[INFO] [stderr]    Compiling futures-core v0.3.24
[INFO] [stderr]     Checking spin v0.5.2
[INFO] [stderr]     Checking untrusted v0.7.1
[INFO] [stderr]    Compiling slab v0.4.7
[INFO] [stderr]    Compiling tokio v1.22.0
[INFO] [stderr]    Compiling futures-channel v0.3.24
[INFO] [stderr]    Compiling futures-task v0.3.24
[INFO] [stderr]     Checking futures-sink v0.3.24
[INFO] [stderr]    Compiling typenum v1.15.0
[INFO] [stderr]     Checking signal-hook-registry v1.4.0
[INFO] [stderr]     Checking socket2 v0.4.7
[INFO] [stderr]     Checking num_cpus v1.13.1
[INFO] [stderr]     Checking mio v0.8.4
[INFO] [stderr]    Compiling generic-array v0.14.6
[INFO] [stderr]    Compiling futures-util v0.3.24
[INFO] [stderr]     Checking fnv v1.0.7
[INFO] [stderr]     Checking http v0.2.8
[INFO] [stderr]    Compiling indexmap v1.9.1
[INFO] [stderr]    Compiling unicase v2.6.0
[INFO] [stderr]    Compiling ring v0.16.20
[INFO] [stderr]     Checking tinyvec_macros v0.1.0
[INFO] [stderr]     Checking futures-io v0.3.24
[INFO] [stderr]     Checking pin-utils v0.1.0
[INFO] [stderr]    Compiling httparse v1.8.0
[INFO] [stderr]    Compiling rustls v0.20.6
[INFO] [stderr]     Checking hashbrown v0.12.3
[INFO] [stderr]     Checking tinyvec v1.6.0
[INFO] [stderr]    Compiling num-traits v0.2.15
[INFO] [stderr]     Checking tracing-core v0.1.29
[INFO] [stderr]     Checking percent-encoding v2.2.0
[INFO] [stderr]     Checking form_urlencoded v1.1.0
[INFO] [stderr]     Checking getrandom v0.2.7
[INFO] [stderr]     Checking unicode-bidi v0.3.8
[INFO] [stderr]     Checking rand_core v0.6.4
[INFO] [stderr]     Checking unicode-normalization v0.1.22
[INFO] [stderr]    Compiling lock_api v0.4.9
[INFO] [stderr]    Compiling parking_lot_core v0.9.3
[INFO] [stderr]     Checking ryu v1.0.11
[INFO] [stderr]    Compiling ident_case v1.0.1
[INFO] [stderr]     Checking crypto-common v0.1.6
[INFO] [stderr]     Checking block-buffer v0.10.3
[INFO] [stderr]     Checking try-lock v0.2.3
[INFO] [stderr]     Checking base64 v0.13.0
[INFO] [stderr]    Compiling thiserror v1.0.37
[INFO] [stderr]     Checking ppv-lite86 v0.2.16
[INFO] [stderr]     Checking want v0.3.0
[INFO] [stderr]     Checking digest v0.10.5
[INFO] [stderr]     Checking idna v0.3.0
[INFO] [stderr]    Compiling mime_guess v2.0.4
[INFO] [stderr]     Checking http-body v0.4.5
[INFO] [stderr]    Compiling num-integer v0.1.45
[INFO] [stderr]     Checking rand_chacha v0.3.1
[INFO] [stderr]     Checking tower-service v0.3.2
[INFO] [stderr]     Checking scopeguard v1.1.0
[INFO] [stderr]     Checking cpufeatures v0.2.5
[INFO] [stderr]     Checking httpdate v1.0.2
[INFO] [stderr]    Compiling encoding_rs v0.8.31
[INFO] [stderr]    Compiling serde_json v1.0.85
[INFO] [stderr]     Checking smallvec v1.9.0
[INFO] [stderr]    Compiling crc32fast v1.3.2
[INFO] [stderr]     Checking rand v0.8.5
[INFO] [stderr]     Checking sha-1 v0.10.0
[INFO] [stderr]     Checking mime v0.3.16
[INFO] [stderr]     Checking byteorder v1.4.3
[INFO] [stderr]    Compiling async-trait v0.1.57
[INFO] [stderr]     Checking utf-8 v0.7.6
[INFO] [stderr]     Checking adler v1.0.2
[INFO] [stderr]     Checking miniz_oxide v0.5.4
[INFO] [stderr]     Checking ordered-float v2.10.0
[INFO] [stderr]     Checking rustls-pemfile v1.0.1
[INFO] [stderr]     Checking ipnet v2.5.0
[INFO] [stderr]     Checking iana-time-zone v0.1.50
[INFO] [stderr]     Checking num_threads v0.1.6
[INFO] [stderr]    Compiling serenity v0.11.5
[INFO] [stderr]     Checking flate2 v1.0.24
[INFO] [stderr]     Checking parking_lot v0.12.1
[INFO] [stderr]    Compiling indoc v1.0.7
[INFO] [stderr]     Checking bitflags v1.3.2
[INFO] [stderr]     Checking unsafe-libyaml v0.2.4
[INFO] [stderr]     Checking typemap_rev v0.1.5
[INFO] [stderr]     Checking static_assertions v1.1.0
[INFO] [stderr]     Checking uwl v0.6.0
[INFO] [stderr]     Checking levenshtein v1.0.5
[INFO] [stderr]     Checking bounded-integer v0.5.3
[INFO] [stderr]     Checking dotenvy v0.15.6
[INFO] [stderr]    Compiling darling_core v0.14.1
[INFO] [stderr]     Checking dotenv v0.15.0
[INFO] [stderr]     Checking number-guessing-game-logic v0.1.0 (/opt/rustwide/workdir/games/number-guessing-game)
[INFO] [stderr]     Checking webpki v0.22.0
[INFO] [stderr]     Checking sct v0.7.0
[INFO] [stderr]     Checking number-guessing-game-module v0.1.0 (/opt/rustwide/workdir/modules/number-guessing-game-module)
[INFO] [stderr]     Checking webpki-roots v0.22.5
[INFO] [stderr]    Compiling tokio-macros v1.8.0
[INFO] [stderr]    Compiling futures-macro v0.3.24
[INFO] [stderr]    Compiling tracing-attributes v0.1.22
[INFO] [stderr]    Compiling thiserror-impl v1.0.37
[INFO] [stderr]    Compiling command_attr v0.4.1
[INFO] [stderr]     Checking tracing v0.1.36
[INFO] [stderr]    Compiling darling_macro v0.14.1
[INFO] [stderr]    Compiling tranquil-macros v0.2.0
[INFO] [stderr]    Compiling darling v0.14.1
[INFO] [stderr]    Compiling enumset_derive v0.6.1
[INFO] [stderr]     Checking enumset v1.0.12
[INFO] [stderr]     Checking futures v0.3.24
[INFO] [stderr]     Checking tokio-util v0.7.4
[INFO] [stderr]     Checking tokio-rustls v0.23.4
[INFO] [stderr]     Checking h2 v0.3.14
[INFO] [stderr]     Checking url v2.3.1
[INFO] [stderr]     Checking serde_urlencoded v0.7.1
[INFO] [stderr]     Checking time v0.3.14
[INFO] [stderr]     Checking dashmap v5.4.0
[INFO] [stderr]     Checking chrono v0.4.22
[INFO] [stderr]     Checking serde-value v0.7.0
[INFO] [stderr]     Checking serde-tuple-vec-map v1.0.1
[INFO] [stderr]     Checking serde_yaml v0.9.14
[INFO] [stderr]     Checking tungstenite v0.17.3
[INFO] [stderr]     Checking async-tungstenite v0.17.2
[INFO] [stderr]     Checking hyper v0.14.20
[INFO] [stderr]     Checking hyper-rustls v0.23.0
[INFO] [stderr]     Checking reqwest v0.11.12
[INFO] [stderr]     Checking tranquil v0.2.0
[INFO] [stderr]     Checking ping-module v0.1.0 (/opt/rustwide/workdir/modules/ping-module)
[INFO] [stdout] error[E0432]: unresolved imports `tranquil::command_provider`, `tranquil::slash`
[INFO] [stdout]  --> modules/ping-module/src/lib.rs:3:30
[INFO] [stdout]   |
[INFO] [stdout] 3 |     command::CommandContext, command_provider, l10n::CommandL10nProvider, module::Module, slash,
[INFO] [stdout]   |                              ^^^^^^^^^^^^^^^^ no `command_provider` in the root           ^^^^^ no `slash` in the root
[INFO] [stdout] 
[INFO] [stdout] 
[INFO] [stdout] error[E0432]: unresolved imports `tranquil::command_provider`, `tranquil::slash`
[INFO] [stdout]  --> modules/ping-module/src/lib.rs:3:30
[INFO] [stdout]   |
[INFO] [stdout] 3 |     command::CommandContext, command_provider, l10n::CommandL10nProvider, module::Module, slash,
[INFO] [stdout]   |                              ^^^^^^^^^^^^^^^^ no `command_provider` in the root           ^^^^^ no `slash` in the root
[INFO] [stdout] 
[INFO] [stdout] 
[INFO] [stdout] error: cannot determine resolution for the attribute macro `command_provider`
[INFO] [stdout]   --> modules/ping-module/src/lib.rs:26:3
[INFO] [stdout]    |
[INFO] [stdout] 26 | #[command_provider]
[INFO] [stdout]    |   ^^^^^^^^^^^^^^^^
[INFO] [stdout]    |
[INFO] [stdout]    = note: import resolution is stuck, try simplifying macro imports
[INFO] [stdout] 
[INFO] [stdout] 
[INFO] [stdout] error: cannot determine resolution for the attribute macro `command_provider`
[INFO] [stdout]   --> modules/ping-module/src/lib.rs:26:3
[INFO] [stdout]    |
[INFO] [stdout] 26 | #[command_provider]
[INFO] [stdout]    |   ^^^^^^^^^^^^^^^^
[INFO] [stdout]    |
[INFO] [stdout]    = note: import resolution is stuck, try simplifying macro imports
[INFO] [stdout] 
[INFO] [stdout] 
[INFO] [stdout] error: cannot determine resolution for the attribute macro `slash`
[INFO] [stdout]   --> modules/ping-module/src/lib.rs:28:7
[INFO] [stdout]    |
[INFO] [stdout] 28 |     #[slash]
[INFO] [stdout]    |       ^^^^^
[INFO] [stdout]    |
[INFO] [stdout]    = note: import resolution is stuck, try simplifying macro imports
[INFO] [stdout] 
[INFO] [stdout] 
[INFO] [stdout] error: cannot determine resolution for the attribute macro `slash`
[INFO] [stdout]   --> modules/ping-module/src/lib.rs:28:7
[INFO] [stdout]    |
[INFO] [stdout] 28 |     #[slash]
[INFO] [stdout]    |       ^^^^^
[INFO] [stdout]    |
[INFO] [stdout]    = note: import resolution is stuck, try simplifying macro imports
[INFO] [stdout] 
[INFO] [stdout] 
[INFO] [stdout] error[E0407]: method `translations_filepath` is not a member of trait `CommandL10nProvider`
[INFO] [stdout]   --> modules/ping-module/src/lib.rs:19:5
[INFO] [stdout]    |
[INFO] [stdout] 19 | /     fn translations_filepath(&self) -> &'static str {
[INFO] [stdout] 20 | |         "l10n/ping-module.toml"
[INFO] [stdout] 21 | |     }
[INFO] [stdout]    | |_____^ not a member of trait `CommandL10nProvider`
[INFO] [stdout] 
[INFO] [stdout] 
[INFO] [stdout] error[E0407]: method `translations_filepath` is not a member of trait `CommandL10nProvider`
[INFO] [stdout]   --> modules/ping-module/src/lib.rs:19:5
[INFO] [stdout]    |
[INFO] [stdout] 19 | /     fn translations_filepath(&self) -> &'static str {
[INFO] [stdout] 20 | |         "l10n/ping-module.toml"
[INFO] [stdout] 21 | |     }
[INFO] [stdout]    | |_____^ not a member of trait `CommandL10nProvider`
[INFO] [stdout] 
[INFO] [stdout] 
[INFO] [stdout] error[E0277]: the trait bound `PingModule: CommandProvider` is not satisfied
[INFO] [stdout]   --> modules/ping-module/src/lib.rs:24:17
[INFO] [stdout]    |
[INFO] [stdout] 24 | impl Module for PingModule {}
[INFO] [stdout]    |                 ^^^^^^^^^^ the trait `CommandProvider` is not implemented for `PingModule`
[INFO] [stdout]    |
[INFO] [stdout] note: required by a bound in `Module`
[INFO] [stdout]   --> /opt/rustwide/cargo-home/registry/src/index.crates.io-6f17d22bba15001f/tranquil-0.2.0/src/module.rs:5:19
[INFO] [stdout]    |
[INFO] [stdout] 5  | pub trait Module: CommandProvider + CommandL10nProvider + Send + Sync {
[INFO] [stdout]    |                   ^^^^^^^^^^^^^^^ required by this bound in `Module`
[INFO] [stdout] 
[INFO] [stdout] 
[INFO] [stdout] error[E0277]: the trait bound `PingModule: CommandProvider` is not satisfied
[INFO] [stdout]   --> modules/ping-module/src/lib.rs:24:17
[INFO] [stdout]    |
[INFO] [stdout] 24 | impl Module for PingModule {}
[INFO] [stdout]    |                 ^^^^^^^^^^ the trait `CommandProvider` is not implemented for `PingModule`
[INFO] [stdout]    |
[INFO] [stdout] note: required by a bound in `Module`
[INFO] [stdout]   --> /opt/rustwide/cargo-home/registry/src/index.crates.io-6f17d22bba15001f/tranquil-0.2.0/src/module.rs:5:19
[INFO] [stdout]    |
[INFO] [stdout] 5  | pub trait Module: CommandProvider + CommandL10nProvider + Send + Sync {
[INFO] [stdout]    |                   ^^^^^^^^^^^^^^^ required by this bound in `Module`
[INFO] [stdout] 
[INFO] [stdout] 
[INFO] [stdout] error: aborting due to 5 previous errors
[INFO] [stdout] 
[INFO] [stdout] 
[INFO] [stdout] error: aborting due to 5 previous errors
[INFO] [stdout] 
[INFO] [stdout] 
[INFO] [stdout] Some errors have detailed explanations: E0277, E0407, E0432.
[INFO] [stdout] 
[INFO] [stdout] Some errors have detailed explanations: E0277, E0407, E0432.
[INFO] [stdout] 
[INFO] [stdout] For more information about an error, try `rustc --explain E0277`.
[INFO] [stdout] 
[INFO] [stdout] For more information about an error, try `rustc --explain E0277`.
[INFO] [stdout] 
[INFO] [stderr] error: could not compile `ping-module` (lib test) due to 6 previous errors
[INFO] [stderr] warning: build failed, waiting for other jobs to finish...
[INFO] [stderr] error: could not compile `ping-module` (lib) due to 6 previous errors
[INFO] running `Command { std: "docker" "inspect" "edbdf468569cb5b2a6146f467d91246f94f6259db3f95f7f39433ffc1b879cdc", kill_on_drop: false }`
[INFO] running `Command { std: "docker" "rm" "-f" "edbdf468569cb5b2a6146f467d91246f94f6259db3f95f7f39433ffc1b879cdc", kill_on_drop: false }`
[INFO] [stdout] edbdf468569cb5b2a6146f467d91246f94f6259db3f95f7f39433ffc1b879cdc
